be (-22)/(-2) - 2/q. Calculate the greatest common factor of z and 63.
9
Suppose -b + 9 = 3*f + 2*b, 5*b - 12 = -4*f. Suppose f*h - 112 = -h. Calculate the highest common factor of 4 and h.
4
Let z = -100 - -109. Calculate the highest common divisor of z and 27.
9
Let t be -1*6/(-33) - (-984)/33. Calculate the highest common divisor of 75 and t.
15
Let h(i) = i**3 - 6*i**2 + 5*i + 4. Let y be h(7). Calculate the greatest common factor of 11 and y.
11
Suppose 5*o + 108 = 678. Suppose -4*w - 5*i + o = 0, 120 = 8*w - 3*w - 5*i. Let a = 37 + 2. What is the highest common factor of w and a?
13
Suppose -8*l + 200 = -4*l. Let u = l + -21. Calculate the highest common factor of u and 232.
29
Let o(y) = y**2 + 4*y + 1. Let h be o(3). Let u(j) = 10*j - 15. Let g be u(7). What is the greatest common divisor of h and g?
11
Suppose 0 = -2*h - 3*h + 560. Calculate the highest common factor of 14 and h.
14
Let x be 3/(-2)*((-4)/(-12) + -1). What is the greatest common factor of x and 9?
1
Let o = -151 - -155. Suppose -3*z + 32 = 5*w, 5*z - 5*w = -2*w + 8. Calculate the highest common factor of o and z.
4
Suppose -9*a = -4*a - 165. Calculate the highest common divisor of a and 22.
11
Suppose 2*c - 4*c + 14 = 0. Let f = -2 + c. Let l be 3/(f - 2)*112. Calculate the greatest common divisor of 14 and l.
14
Let d be 42*(-5)/(1*-15). Calculate the greatest common divisor of d and 14.
14
Suppose 0 = -0*y - 5*y + 55. What is the highest common factor of y and 121?
11
Let a be (-1 + 4)*(-1 - -2). Suppose -a*b + 72 + 54 = 0. Suppose -4*j = 3*u - u - 84, 0 = u - 3*j - b. What is the greatest common factor of 14 and u?
14
Let r = 22 - 12. What is the greatest common factor of r and 50?
10
Suppose -4*y - p = -100, y + 3*p - 36 = -0. Calculate the highest common divisor of y and 192.
24
Let k = -9 - -4. Let n(m) = m**3 + 8*m**2 + 4*m. Let s be n(k). What is the highest common divisor of s and 5?
5
Suppose 3*r + r - 16 = 0. Let v be 1 - (3 + (-7 - -2)). Suppose -v*p + 10 - 1 = -5*t, 5*p - t = 37. What is the greatest common factor of p and r?
4
Let r(j) be the third derivative of -j**5/60 + 5*j**4/12 - 2*j**3/3 + 3*j**2. Let p be r(6). What is the greatest common factor of 20 and p?
20
Let q = 76 + -36. Let g(c) = c**3 - 3*c**2. Suppose u - 6*u + 17 = 3*j, 3*u - 4*j = 16. Let h be g(u). What is the greatest common divisor of q and h?
8
Suppose 2*s + 5*y - 28 = 0, -27 - 40 = -3*s + 5*y. Calculate the greatest common factor of s and 76.
19
Let z(v) = v**3 + 9*v**2 + 6*v + 28. Let h be z(-7). Calculate the highest common factor of 24 and h.
12
Let t = 12 - -1. Let l = -3 + t. What is the greatest common factor of l and 90?
10
Let j = 91 + -152. Let g = j + 96. Calculate the greatest common factor of 7 and g.
7
Suppose 3 - 7 = i. Let q be -1*(-5 - -3) - i. What is the highest common factor of q and 48?
6
Let d(f) = -f**3 + 4*f**2 + 4*f - 3. Let u be d(3). What is the greatest common divisor of 90 and u?
18
Let s = -33 + 51. What is the greatest common factor of s and 6?
6
Let b(w) = w**3 + 7*w**2 + 3*w - 2. Let f be b(-6). Let y = f - 1. Suppose v = 2*v - 3. Calculate the highest common divisor of y and v.
3
Let j be -6*(-2)/8*2. Suppose -7 - 3 = -5*l. Suppose 0 = -l*a - 0*a + 48. What is the highest common factor of j and a?
3
Let s be (8/20)/(1/50). What is the highest common factor of s and 10?
10
Suppose 4*w = 4*t - 0*t + 8, 3*w - 10 = 5*t. Suppose 4*q - 17 - 3 = w. Calculate the greatest common divisor of 1 and q.
1
Suppose -5*g - 4*p + 10 = p, 3*p + 12 = 0. Let u = 10 - -56. What is the highest common divisor of u and g?
6
Let d(g) = -14*g**3 + 2*g**2 + 1. Let i be d(-2). Calculate the greatest common divisor of i and 11.
11
Let d(i) = i + 25. Let f be d(0). Suppose x - f = -4*x. Suppose 4*b + 24 = 4*r, 5*r = r + x*b + 21. Calculate the highest common factor of r and 72.
9
Suppose 4*w - 127 = 9. Suppose -2*o + 9 = o. Suppose o*d = 2*n - 185, n - 95 = -3*d + 5*d. Calculate the greatest common divisor of w and n.
17
Let s be (-7)/(14/4) + 2. Let g be (s - -3)/((-6)/(-8)). Suppose 46 = -2*x + g*x + 2*v, 64 = 3*x + 2*v. Calculate the greatest common divisor of 6 and x.
6
Let m(v) = v**3 + 5*v**2 - 3*v + 5. Let u be m(-5). Suppose -2*r = -4*o + 110, -5*r - 157 = -5*o - 32. What is the highest common divisor of u and o?
10
Let a be (-8)/((1 + 0)/(-1)). Let o = -3 + a. Suppose -12*z + 16*z - 180 = 0. What is the highest common factor of o and z?
5
Let z(b) = -b + 24. Let v be z(16). Calculate the greatest common divisor of 4 and v.
4
Suppose -3*w + 2*q + 15 = 0, -9 = -0*w - 4*w - q. Suppose r - w = -0*r. What is the greatest common factor of r and 2?
1
Let f = 11 + -5. Suppose f*j - j - 356 = q, q + 68 = j. Let l(i) = i**2 + 3*i + 5. Let u be l(-4). What is the highest common factor of u and j?
9
Let x = -30 - -34. Let r = -33 - -61. Let o = r - 12. What is the greatest common factor of o and x?
4
Let j = 3 + 13. Let v(b) = 3*b**2 + 14*b - 9. Let u be v(-7). What is the highest common factor of u and j?
8
Let m(o) = -o**2 + 3*o - 8. Let f be m(7). Let x = -22 - f. Suppose 3*a - 130 = -3*q - 2*a, -5*a = -3*q + 80. What is the highest common divisor of q and x?
7
Let w = 55 - 31. What is the highest common factor of 24 and w?
24
Let o(j) = 17*j**2 - j. Let m be o(-1). Let y be -100*(1 + m/(-10)). Let v = 8 - -2. Calculate the highest common divisor of y and v.
10
Let o be 0/1 - (0 - 2). Let b be (-2)/8 + o/8. Let y = b + 2. What is the greatest common factor of y and 2?
2
Let v = 37 - 20. Suppose 2*d - v = -7. What is the greatest common divisor of 5 and d?
5
Let n(u) = -u**3 + 9*u**2 + 11*u - 7. Let i be n(10). Let v be (-1)/4 + (-85)/(-4). What is the greatest common factor of i and v?
3
Suppose -19*k = -9*k - 2520. What is the highest common factor of k and 28?
28
Let w = 11 + -8. Let n be ((-13)/w)/((-1)/15). Let o(i) = i**3 - 2*i**2 - 2*i + 2. Let d be o(4). Calculate the greatest common factor of n and d.
13
Let n(u) = 1 - u + 10 + 3*u - u. Let k be n(10). Calculate the highest common divisor of k and 84.
21
Let a = -7 - -10. Suppose -a*h = 2*h - 15. Let r be 20/(-30)*-11*h. Calculate the highest common factor of r and 22.
22
Suppose 2*i + 4 = -0. Let t be ((-4)/(-3))/(i/(-45)). What is the greatest common factor of t and 20?
10
Suppose r + 1 = 5, u - 20 = -4*r. Let v be (u/5)/(7/175). What is the greatest common divisor of v and 30?
10
Let m be ((-12)/10)/(2/(-5)). Suppose 65 = -m*z + 290. Calculate the greatest common factor of z and 15.
15
Suppose -5*g + 16 = -144. Calculate the greatest common divisor of g and 16.
16
Suppose 0 = -4*o + 2*r + 2*r + 8, -5*r + 20 = 0. Calculate the highest common divisor of 30 and o.
6
Let y(k) = -6 - k**2 + 8*k + 1 - 1. Let r be y(5). Let x = r - -27. What is the greatest common factor of x and 9?
9
Suppose 5*i - 82 + 2 = 0. Suppose 0 = 5*z + q - 10, 5*q + 12 = 4*z + 4. Calculate the greatest common factor of z and i.
2
Let l be (-9)/(-12) - (-5)/4. Suppose 3*z = 5*c - 376, c - z - l*z = 68. What is the greatest common divisor of 11 and c?
11
Let d be (-2)/(-5) - 26/(-10). Suppose -3*r - d*z + 447 = 0, r + 4*r = 2*z + 710. What is the highest common factor of 16 and r?
16
Let y(n) be the second derivative of -2*n**3/3 - 3*n**2 + 5*n. Let w be y(-7). What is the highest common divisor of 33 and w?
11
Suppose 490 = 3*z - 2*k, 2*k - 3*k - 805 = -5*z. What is the highest common factor of 64 and z?
32
Suppose 1 = f - 0*f - v, -4*v = -f - 5. Let y be 2 + (-25)/(-15) - (-4)/(-6). What is the greatest common divisor of y and f?
3
Let l(k) = k - 3. Let n be l(6). Suppose u = -n*o + 28, -5*u + 53 = 2*o - 139. What is the greatest common divisor of 5 and u?
5
Let g(w) = -2*w. Let j be g(2). Let s be (18/j)/(6/(-16)). Calculate the greatest common divisor of 96 and s.
12
Let m(k) = k**2 + 3*k + 5. Let v be m(-6). Calculate the greatest common factor of 92 and v.
23
Let u = -40 + 71. Suppose -2*t + 3*x + 42 = 0, 2*t - u = t + 4*x. Calculate the greatest common divisor of t and 30.
15
Let j be 8/(-3)*(-15)/4. Let u(w) = -w**2 + 3*w - 4. Let z be u(5). Let d = z - -39. What is the highest common divisor of d and j?
5
Let q(o) = -3*o + 3. Let a be q(3). Let f be (-5)/(5/a) - 2. Suppose 0 = 3*k - 0*k - 48. What is the highest common divisor of f and 